{"id":2039,"date":"2025-06-25T22:07:08","date_gmt":"2025-06-25T22:07:08","guid":{"rendered":"https:\/\/rcrmty.com.mx\/?page_id=2039"},"modified":"2025-06-25T22:07:38","modified_gmt":"2025-06-25T22:07:38","slug":"maquila-de-impresion","status":"publish","type":"page","link":"https:\/\/rcrmty.com.mx\/?page_id=2039","title":{"rendered":"Maquila de Impresi\u00f3n"},"content":{"rendered":"<p>[et_pb_section fb_built=&#8221;1&#8243; _builder_version=&#8221;4.27.4&#8243; _module_preset=&#8221;default&#8221; background_image=&#8221;https:\/\/rcrmty.com.mx\/wp-content\/uploads\/2025\/06\/serigrafia.png&#8221; hover_enabled=&#8221;0&#8243; global_colors_info=&#8221;{}&#8221; title_text=&#8221;serigrafia&#8221; sticky_enabled=&#8221;0&#8243;][et_pb_row _builder_version=&#8221;4.27.4&#8243; _module_preset=&#8221;default&#8221; global_colors_info=&#8221;{}&#8221;][et_pb_column type=&#8221;4_4&#8243; _builder_version=&#8221;4.27.4&#8243; _module_preset=&#8221;default&#8221; global_colors_info=&#8221;{}&#8221;][et_pb_text _builder_version=&#8221;4.27.4&#8243; _module_preset=&#8221;default&#8221; header_font=&#8221;Poppins||||||||&#8221; header_text_color=&#8221;#FFFFFF&#8221; header_font_size=&#8221;52px&#8221; hover_enabled=&#8221;0&#8243; global_colors_info=&#8221;{}&#8221; sticky_enabled=&#8221;0&#8243;]<\/p>\n<h1>Maquila de Impresi\u00f3n<\/h1>\n<p>[\/et_pb_text][\/et_pb_column][\/et_pb_row][\/et_pb_section][et_pb_section fb_built=&#8221;1&#8243; _builder_version=&#8221;4.27.4&#8243; _module_preset=&#8221;default&#8221; global_colors_info=&#8221;{}&#8221;][et_pb_row column_structure=&#8221;3_5,2_5&#8243; _builder_version=&#8221;4.27.4&#8243; _module_preset=&#8221;default&#8221; global_colors_info=&#8221;{}&#8221;][et_pb_column type=&#8221;3_5&#8243; _builder_version=&#8221;4.27.4&#8243; _module_preset=&#8221;default&#8221; global_colors_info=&#8221;{}&#8221;][et_pb_text _builder_version=&#8221;4.27.4&#8243; _module_preset=&#8221;default&#8221; text_font=&#8221;Poppins|500|||||||&#8221; text_font_size=&#8221;18px&#8221; hover_enabled=&#8221;0&#8243; global_colors_info=&#8221;{}&#8221; sticky_enabled=&#8221;0&#8243; custom_margin=&#8221;100px|||||&#8221;]<\/p>\n<p>Ofrecemos a ustedes nuestra planta de decorado de serigraf\u00eda y tampograf\u00eda, plana y cilindrica.<\/p>\n<p>Contamos con m\u00e1s de 30 a\u00f1os de experiencia en impresi\u00f3n industrial, comercial y promocional, damos servicio a la industria automotriz, farmaceutica, de belleza, de telefon\u00eda, de electrodom\u00e9sticos, pl\u00e1stico, del juguete, en fin todo lo que tenga que ver con la impresi\u00f3n.<\/p>\n<p>Contamos con equipos autom\u00e1ticos y semi autom\u00e1ticos lo que garantiza nuestra calidad, denos la oportunidad de servirles y vera c\u00f3mo ahorra costos y eleva la calidad en sus productos.<\/p>\n<p>[\/et_pb_text][\/et_pb_column][et_pb_column type=&#8221;2_5&#8243; _builder_version=&#8221;4.27.4&#8243; _module_preset=&#8221;default&#8221; global_colors_info=&#8221;{}&#8221;][et_pb_image src=&#8221;https:\/\/rcrmty.com.mx\/wp-content\/uploads\/2025\/06\/serigrfia.png&#8221; title_text=&#8221;serigrf\u00eda&#8221; force_fullwidth=&#8221;on&#8221; _builder_version=&#8221;4.27.4&#8243; _module_preset=&#8221;default&#8221; hover_enabled=&#8221;0&#8243; global_colors_info=&#8221;{}&#8221; sticky_enabled=&#8221;0&#8243;][\/et_pb_image][\/et_pb_column][\/et_pb_row][\/et_pb_section]<\/p>\n","protected":false},"excerpt":{"rendered":"<p>Maquila de Impresi\u00f3nOfrecemos a ustedes nuestra planta de decorado de serigraf\u00eda y tampograf\u00eda, plana y cilindrica. Contamos con m\u00e1s de 30 a\u00f1os de experiencia en impresi\u00f3n industrial, comercial y promocional, damos servicio a la industria automotriz, farmaceutica, de belleza, de telefon\u00eda, de electrodom\u00e9sticos, pl\u00e1stico, del juguete, en fin todo lo que tenga que ver con [&hellip;]<\/p>\n","protected":false},"author":1,"featured_media":0,"parent":0,"menu_order":0,"comment_status":"closed","ping_status":"closed","template":"","meta":{"_et_pb_use_builder":"on","_et_pb_old_content":"","_et_gb_content_width":"","footnotes":""},"class_list":["post-2039","page","type-page","status-publish","hentry"],"_links":{"self":[{"href":"https:\/\/rcrmty.com.mx\/index.php?rest_route=\/wp\/v2\/pages\/2039","targetHints":{"allow":["GET"]}}],"collection":[{"href":"https:\/\/rcrmty.com.mx\/index.php?rest_route=\/wp\/v2\/pages"}],"about":[{"href":"https:\/\/rcrmty.com.mx\/index.php?rest_route=\/wp\/v2\/types\/page"}],"author":[{"embeddable":true,"href":"https:\/\/rcrmty.com.mx\/index.php?rest_route=\/wp\/v2\/users\/1"}],"replies":[{"embeddable":true,"href":"https:\/\/rcrmty.com.mx\/index.php?rest_route=%2Fwp%2Fv2%2Fcomments&post=2039"}],"version-history":[{"count":3,"href":"https:\/\/rcrmty.com.mx\/index.php?rest_route=\/wp\/v2\/pages\/2039\/revisions"}],"predecessor-version":[{"id":2044,"href":"https:\/\/rcrmty.com.mx\/index.php?rest_route=\/wp\/v2\/pages\/2039\/revisions\/2044"}],"wp:attachment":[{"href":"https:\/\/rcrmty.com.mx\/index.php?rest_route=%2Fwp%2Fv2%2Fmedia&parent=2039"}],"curies":[{"name":"wp","href":"https:\/\/api.w.org\/{rel}","templated":true}]}}